{"version":"1.0","provider_name":"Associa\u00e7\u00e3o Portuguesa de Contabilistas","provider_url":"https:\/\/www.apc.pt\/wp","author_name":"admin","author_url":"https:\/\/www.apc.pt\/wp\/author\/admin\/","title":"Cr\u00e9ditos - Associa\u00e7\u00e3o Portuguesa de Contabilistas","type":"rich","width":600,"height":338,"html":"<blockquote class=\"wp-embedded-content\" data-secret=\"BaGdfab1nX\"><a href=\"https:\/\/www.apc.pt\/wp\/creditos\/\">Cr\u00e9ditos<\/a><\/blockquote><iframe sandbox=\"allow-scripts\" security=\"restricted\" src=\"https:\/\/www.apc.pt\/wp\/creditos\/embed\/#?secret=BaGdfab1nX\" width=\"600\" height=\"338\" title=\"&#8220;Cr\u00e9ditos&#8221; &#8212; Associa\u00e7\u00e3o Portuguesa de Contabilistas\" data-secret=\"BaGdfab1nX\" frameborder=\"0\" marginwidth=\"0\" marginheight=\"0\" scrolling=\"no\" class=\"wp-embedded-content\"><\/iframe><script>\n\/*! This file is auto-generated *\/\n!function(d,l){\"use strict\";l.querySelector&&d.addEventListener&&\"undefined\"!=typeof URL&&(d.wp=d.wp||{},d.wp.receiveEmbedMessage||(d.wp.receiveEmbedMessage=function(e){var t=e.data;if((t||t.secret||t.message||t.value)&&!\/[^a-zA-Z0-9]\/.test(t.secret)){for(var s,r,n,a=l.querySelectorAll('iframe[data-secret=\"'+t.secret+'\"]'),o=l.querySelectorAll('blockquote[data-secret=\"'+t.secret+'\"]'),c=new RegExp(\"^https?:$\",\"i\"),i=0;i<o.length;i++)o[i].style.display=\"none\";for(i=0;i<a.length;i++)s=a[i],e.source===s.contentWindow&&(s.removeAttribute(\"style\"),\"height\"===t.message?(1e3<(r=parseInt(t.value,10))?r=1e3:~~r<200&&(r=200),s.height=r):\"link\"===t.message&&(r=new URL(s.getAttribute(\"src\")),n=new URL(t.value),c.test(n.protocol))&&n.host===r.host&&l.activeElement===s&&(d.top.location.href=t.value))}},d.addEventListener(\"message\",d.wp.receiveEmbedMessage,!1),l.addEventListener(\"DOMContentLoaded\",function(){for(var e,t,s=l.querySelectorAll(\"iframe.wp-embedded-content\"),r=0;r<s.length;r++)(t=(e=s[r]).getAttribute(\"data-secret\"))||(t=Math.random().toString(36).substring(2,12),e.src+=\"#?secret=\"+t,e.setAttribute(\"data-secret\",t)),e.contentWindow.postMessage({message:\"ready\",secret:t},\"*\")},!1)))}(window,document);\n\/\/# sourceURL=https:\/\/www.apc.pt\/wp\/wp-includes\/js\/wp-embed.min.js\n<\/script>\n","description":"Autores das Fotografias utilizadas Fotografia do fundo Brandi Redd Fotografia em Quem somos Helloquence Fotografia em Utilidade P\u00fablica Davide Cantelli Fotografia em Estatutos Jazmin Quaynor Fotografia em Org\u00e3os Sociais Benjamin Child Fotografia em Associados Timon Studler Fotografia (44) em Forma\u00e7\u00e3o APC John-Mark Kuznietsov Fotografia em Curso de Prepara\u00e7\u00e3o ao Exame de Admiss\u00e3o \u00e1 OCC The [&hellip;]"}

Associação Portuguesa de Contabilistas

Créditos - Associação Portuguesa de Contabilistas

<blockquote class="wp-embedded-content" data-secret="BaGdfab1nX"><a href="https://www.apc.pt/wp/creditos/">Créditos</a></blockquote><iframe sandbox="allow-scripts" security="restricted" src="https://www.apc.pt/wp/creditos/embed/#?secret=BaGdfab1nX" width="600" height="338" title="&#8220;Créditos&#8221; &#8212; Associação Portuguesa de Contabilistas" data-secret="BaGdfab1nX" frameborder="0" marginwidth="0" marginheight="0" scrolling="no" class="wp-embedded-content"></iframe><script>
/*! This file is auto-generated */
!function(d,l){"use strict";l.querySelector&&d.addEventListener&&"undefined"!=typeof URL&&(d.wp=d.wp||{},d.wp.receiveEmbedMessage||(d.wp.receiveEmbedMessage=function(e){var t=e.data;if((t||t.secret||t.message||t.value)&&!/[^a-zA-Z0-9]/.test(t.secret)){for(var s,r,n,a=l.querySelectorAll('iframe[data-secret="'+t.secret+'"]'),o=l.querySelectorAll('blockquote[data-secret="'+t.secret+'"]'),c=new RegExp("^https?:$","i"),i=0;i<o.length;i++)o[i].style.display="none";for(i=0;i<a.length;i++)s=a[i],e.source===s.contentWindow&&(s.removeAttribute("style"),"height"===t.message?(1e3<(r=parseInt(t.value,10))?r=1e3:~~r<200&&(r=200),s.height=r):"link"===t.message&&(r=new URL(s.getAttribute("src")),n=new URL(t.value),c.test(n.protocol))&&n.host===r.host&&l.activeElement===s&&(d.top.location.href=t.value))}},d.addEventListener("message",d.wp.receiveEmbedMessage,!1),l.addEventListener("DOMContentLoaded",function(){for(var e,t,s=l.querySelectorAll("iframe.wp-embedded-content"),r=0;r<s.length;r++)(t=(e=s[r]).getAttribute("data-secret"))||(t=Math.random().toString(36).substring(2,12),e.src+="#?secret="+t,e.setAttribute("data-secret",t)),e.contentWindow.postMessage({message:"ready",secret:t},"*")},!1)))}(window,document);
//# sourceURL=https://www.apc.pt/wp/wp-includes/js/wp-embed.min.js
</script>

Autores das Fotografias utilizadas Fotografia do fundo Brandi Redd Fotografia em Quem somos Helloquence Fotografia em Utilidade Pública Davide Cantelli Fotografia em Estatutos Jazmin Quaynor Fotografia em Orgãos Sociais Benjamin Child Fotografia em Associados Timon Studler Fotografia (44) em Formação APC John-Mark Kuznietsov Fotografia em Curso de Preparação ao Exame de Admissão á OCC The [&hellip;]
